uppose 5*u - 73 = l - 4*l, -5*l + 60 = -4*u. What are the prime factors of 116/l - 2/m?
7
Let k(o) = -o**2 - 6. Let h(x) = x - 14. Let d be h(18). Let l be k(d). Let g = 40 + l. What are the prime factors of g?
2, 3
Let x be -3*(-33)/(5 - 2). Let j = 60 - x. What are the prime factors of j?
3
Suppose 0*d - 166 = -2*d + 2*r, -3*d + 239 = -5*r. Suppose -2*s + d = -s. What are the prime factors of s?
2, 11
Suppose 76*h - 34346 = 50*h. What are the prime factors of h?
1321
Suppose 0 = -23*w + 8*w + 24960. What are the prime factors of w?
2, 13
Let b(d) = -d - 3. Let w be b(-5). Suppose 4*v = w*q + 46, -14 = 5*q - 3*v + 108. What are the prime factors of (-1)/5 + (-355)/q?
2, 7
Suppose u - 32 = -u. Let m(c) = c**3 - 12*c**2 + 20*c + 27. Let q be m(10). Suppose 0 = u*h - 13*h - q. List the prime factors of h.
3
Let j(i) = 7*i + 22. Let l be j(-4). Let u = l - -88. What are the prime factors of u?
2, 41
Let f = 32 - -314. What are the prime factors of f?
2, 173
Let k be 5/(-3)*(1 - 4). Suppose -k*i = 4*v - 43 - 181, 0 = -v + 1. Let n = 63 - i. What are the prime factors of n?
19
Suppose -10*z + 2365 = -14525. What are the prime factors of z?
3, 563
Let x(p) be the second derivative of 0 - 5*p**2 + p - 1/12*p**4 - 7/3*p**3. List the prime factors of x(-12).
2, 7
Let o(i) = -463*i - 10. List the prime factors of o(-6).
2, 173
Let o(s) = -3*s + 47. Let j be o(20). Let u = 169 + j. What are the prime factors of u?
2, 3, 13
Let g = -35 - -120. Suppose -g = -c - 27. What are the prime factors of c?
2, 29
Suppose -5*b = -z - 22 + 193, b = z - 155. Suppose 4*w - 595 = -4*h - z, -h + 2*w = -105. List the prime factors of h.
109
Suppose 0*i = -i - 762. Let x be i/(-15) - (-2)/10. Suppose -s = 2*s - x. List the prime factors of s.
17
Let q = 1436 + -724. What are the prime factors of q?
2, 89
Let d(c) = 3*c + 71. Suppose -58 = -3*i - 0*i - x, 2*i = 3*x + 46. What are the prime factors of d(i)?
131
Let a = 2240 - 1285. What are the prime factors of a?
5, 191
Suppose 0 = 3*y + 5*l - 616, -4*y + l = 26 - 855. What are the prime factors of y?
3, 23
Let w(i) = 38*i - 8. Let p be ((-12)/(-10))/(44/110). What are the prime factors of w(p)?
2, 53
List the prime factors of (6884/(-7))/((-20)/70).
2, 1721
Suppose i - 3*s - 30 = -3*i, 5*i - 24 = -3*s. List the prime factors of (-389)/(-5) - i/(-30).
2, 3, 13
Let r = 12 - 7. Suppose -74 = r*d - 224. Suppose -4*g + d = -58. List the prime factors of g.
2, 11
Suppose 0 = -4*o + y + 3, -2*o + 3*y - 17 = -3*o. Suppose u = o*u - 2. What are the prime factors of 7 - (5 - u)/3?
2, 3
Suppose 8*p - 14 - 2 = 0. Suppose -130 + 62 = -p*f. What are the prime factors of f?
2, 17
Let r = 63 - 75. Let x(j) be the second derivative of j**4/6 + 3*j**3 + j**2 - j. List the prime factors of x(r).
2, 37
Suppose 3 = -2*j - 1, 4*j = 4*m - 1268. Suppose -12*c = -7*c - m. List the prime factors of c.
3, 7
Let v(z) = 2*z**3 + 3*z**2 - 3*z - 5. Let o(s) = s**3 + 18*s**2 + 18*s + 20. Let l be o(-17). List the prime factors of v(l).
67
Let i(c) = -3*c**2 - 10*c - 21. Let w be i(-9). Let g = w + 263. List the prime factors of g.
89
Suppose 3*g - 4*d - 7985 = d, -3*g + d + 8005 = 0. What are the prime factors of g?
2, 3, 5, 89
Let t(h) = -17*h + 4. Let r be t(3). Let u = -16 + 98. Let s = r + u. What are the prime factors of s?
5, 7
Let z = -40 + 100. Let c be z/16*8/6. Suppose -3*n - c*b = -8*n + 55, -2*b + 56 = 4*n. List the prime factors of n.
13
Suppose 3 = -5*k - 12. List the prime factors of (-2 + -77 + 2)/(k - -2).
7, 11
Suppose -847 + 252 = -5*u + 2*m, 2*u = m + 237. List the prime factors of u.
11
Suppose 0 = -0*a + a - n - 80, 5*a - 400 = 3*n. Let p = a - 21. List the prime factors of p.
59
Suppose -3 = -3*i + 12. Suppose -i*s + 343 = 88. List the prime factors of s.
3, 17
Let a(l) = -19*l**3 - 4*l**2 + 13. List the prime factors of a(-6).
29, 137
Let u be 12/(-21) + (-117)/(-21). Suppose -10 = -u*l + 10. List the prime factors of l.
2
Let d(b) = -9*b + 4. Let q = -25 - -19. Let s be d(q). What are the prime factors of (-1)/(-1 - (-57)/s)?
2, 29
Let d = -53 + 54. Let t(b) = -2 - 2 + 36*b**2 - 2*b + 5. What are the prime factors of t(d)?
5, 7
Suppose 35 = 2*h + c, -3*h + 4*c + 20 = -c. Suppose 2*s - 267 = 2*a - 49, -h = -3*a. What are the prime factors of s?
2, 3, 19
Suppose -14 = -5*x - 0*j + 3*j, 0 = -3*x + 4*j + 4. Suppose 0*b + x*b = 0. Suppose 0 = -b*d + 3*d - 30. What are the prime factors of d?
2, 5
Suppose 3*x - 108 = -j, 3*x - 299 - 241 = -5*j. Suppose 0 = 4*c - 152 - j. Suppose 0 = f - 4*b - 28, -4*f + c = -2*f + b. List the prime factors of f.
2
Let b be (-9)/2*16/(-36). Let s(a) = 18*a**3 - 4*a**2 + 3*a - 1. What are the prime factors of s(b)?
7, 19
Suppose 2 = -4*a + 3*g - 5, -3*a = g + 2. List the prime factors of (3/a)/3*-295.
5, 59
Suppose -3*n = x - 8792, 5876 = 2*n - 70*x + 67*x. List the prime factors of n.
2, 733
Let h(o) = o**2 + 17*o + 36. Let c(x) = -2*x**2 - 36*x - 71. Let s(y) = 4*c(y) + 9*h(y). List the prime factors of s(-18).
2, 101
Suppose 4*t + 5 = -3. Let x be -3 - 18/4*t. List the prime factors of (-4)/6 + 34/x.
5
Let q(h) = h**3 - 3*h**2 - 12*h - 5. Let g be q(-4). Let t = 124 + g. List the prime factors of t.
5, 11
Let l(v) = 2*v + 24. Let d be l(-11). Let n be (795/(-30))/((-1)/d). Suppose 5*u - 3*q - 214 = 0, u - n = -3*q + 7*q. What are the prime factors of u?
41
Let w = -10 - -26. Suppose 7*c - w = 3*c. Suppose 0 = v - 3*i - 35, c*i - i - 185 = -4*v. List the prime factors of v.
2, 11
Let g = -33 + 22. Let p(l) = l**3 + 12*l**2 + 10*l + 28. List the prime factors of p(g).
3, 13
Let z(i) = 28*i**2. Suppose 0 = w - 3*j - 21, w + 7*j + 3 = 2*j. Let b be 3/(-12) + (-9)/w. List the prime factors of z(b).
2, 7
Suppose 4*k = -3*g + 105, 4*k = -k + 5*g + 105. Let x = -22 + k. Suppose 4*o - 4*a = 40, -4*o - 3*a + 20 = -x*a. List the prime factors of o.
2, 3
Let u = -202 - -1701. List the prime factors of u.
1499
Let k = 2698 - 1164. What are the prime factors of k?
2, 13, 59
Suppose -g + u = 76, 4*u - 4 = 5*u. List the prime factors of (-1480)/g*3/((-3)/(-10)).
5, 37
Suppose 0 = -2*x - 3 + 13. Suppose 0 = -x*y - 112 + 32. What are the prime factors of (y/20)/((-4)/190)?
2, 19
Let z = 2659 - -1408. List the prime factors of z.
7, 83
Suppose 129*j = 133*j - 2708. What are the prime factors of j?
677
Let m(a) = -15*a**3 - 13*a**2 - 33*a - 36. What are the prime factors of m(-7)?
4703
Let p(x) = 8*x**2 - 2*x. Let g be p(1). What are the prime factors of 3 - (-103 + (2 - g))?
2, 5, 11
Let o = 2063 + -1885. List the prime factors of o.
2, 89
Let j be 6*3/6*6. What are the prime factors of 3*(-3)/j*-58?
29
Let o(z) = -z**2 + 8*z + 6. Let v be o(-10). What are the prime factors of 2/(-9) + v/(-54)?
3
Let f = -8 + 11. Let w(k) = k**3 - 4*k**2 + 3*k + 3. Let o be w(f). Suppose -o*h - 5*b + 53 = 0, -h - 2*h + 52 = 4*b. List the prime factors of h.
2
Let f = 111 + 93. Let b = 351 - f. List the prime factors of b.
3, 7
Suppose 13520 = 20*u - 6300. List the prime factors of u.
991
Suppose -582*m + 569*m + 63193 = 0. List the prime factors of m.
4861
Let a = -71 - -288. List the prime factors of a.
7, 31
Suppose 0 = 3*q - 4*q + 5. Suppose 3*i - 5*i = -5*u - 55, 0 = -q*u + i - 50. Let b(v) = v + 17. What are the prime factors of b(u)?
2
Let g(h) = 38*h**3 + h. Let o be g(1). Suppose -6 = -v + o. List the prime factors of v.
3, 5
Let x = 16 - 6. Suppose -5*b + 24 = 2*u, -2*b = 3*u - 2*u - x. Suppose -4*t - 2*d = -56, -5*t + 6 + 70 = b*d. List the prime factors of t.
2, 3
Let a be -29 - 8/(3 + -7). Let i = -17 - a. What are the prime factors of i?
2, 5
Let h(o) = -o**3 - 7*o**2 + 7*o - 7. Let u(y) = 4*y**3 + 20*y**2 - 20*y + 21. Let g(d) = 7*h(d) + 2*u(d). List the prime factors of g(10).
3, 61
Suppose u + 3*u - 20 = 0. Suppose -d = 3*d + 3*b - 30, d = -u*b + 16. What are the prime factors of d?
2, 3
Let h(k) = -k - 4. Suppose 5*t + 16 = -14. Let b be h(t). List the prime factors of ((-66)/(-12))/(b/8).
2, 11
What are the prime factors of ((-60)/(-8))/15 + 187/2?
2, 47
Let z be -9*(-5 + 1)/(-12). Let g(s) = 3*s**2 + 3*s - 2. List the prime factors of g(z).
2
Suppose 2 + 7 = 3*p. Suppose r - 4*u = 154, 7*u = p*r + 12*u - 530. List the prime factors of r.
2, 5, 17
Let w be 10/45 - 140/(-18). List the prime factors of (-9)/w*20/30*